te the remainder when t is divided by 15.
13
Let v = -16 + 19. What is the remainder when 19 is divided by v?
1
Let v(y) = -10*y + 5. Calculate the remainder when v(-7) is divided by 19.
18
Let d = -4 - -7. Suppose -4*s + d = 7. Calculate the remainder when 7 is divided by (1 - s - 0) + 1.
1
Let y(l) = -7*l + 5. Let c(i) = i - 1. Let f(v) = -2*c(v) + y(v). Calculate the remainder when f(-6) is divided by 21.
19
Let d = 8 - -19. Let x = d - -13. Calculate the remainder when x is divided by 14.
12
Suppose 12*b - 2*b - 300 = 0. Calculate the remainder when 112 is divided by b.
22
Let a be (-5 - -27)/(1*-1). Let q be (-27)/(-33) - 4/a. Suppose 2*j = -5*r + q + 97, -92 = -4*r - 5*j. Calculate the remainder when 35 is divided by r.
17
Let p(f) = f**3 - 5*f**2 + 6*f - 4. Let l be p(4). Suppose 5 = c, -l*a = -c + 3*c - 66. What is the remainder when 55 is divided by a?
13
Let o = -36 - -39. Let j be 6/(-4)*2*-1. Suppose -j*p - w + 24 = -0*p, -5*p + 38 = w. What is the remainder when p is divided by o?
1
Let p = 5 - 3. Calculate the remainder when 10 is divided by p.
0
Calculate the remainder when 3/(-9) + ((-1208)/12)/(-2) is divided by 13.
11
Suppose -9*w = -267 - 210. Calculate the remainder when w is divided by 27.
26
Let r be (-4 + (-1 - 1))/(-2). What is the remainder when ((-6)/(-1) - r) + 42 is divided by 12?
9
Let o = -134 + 204. What is the remainder when o is divided by 12?
10
Let u(q) = -q**2 - 9*q + 13. Let x be u(-10). Let b be 4/x*15/2. Suppose -2*t = b, 0*k - 45 = -2*k - 5*t. Calculate the remainder when k is divided by 18.
17
Suppose 5*f + 5*h - 85 = 0, -11 - 51 = -4*f - 2*h. Let c(w) = 81*w**3 + w**2 - w. Let l be c(1). Let p = l - 55. What is the remainder when p is divided by f?
12
Suppose 4*w - 348 = -2*o, -2*o + w + 501 = o. Calculate the remainder when o is divided by 43.
39
Let q(g) = -3*g + 17. Let t(i) = 4*i - 18. Let u(x) = 5*q(x) + 4*t(x). What is the remainder when 17 is divided by u(-7)?
5
Let w(f) = 7*f + 5. Let l be w(-5). Suppose -4*g - 48 = q, q + 53 = 4*g + 13. Let d = l - q. Calculate the remainder when 26 is divided by d.
12
Suppose 2*v - v - 3*m + 11 = 0, 6 = -3*m. Let w = 27 + v. Calculate the remainder when w is divided by 4.
2
Let o = 10 + -3. Calculate the remainder when (-5)/2*-2*4 is divided by o.
6
Let a(u) = 2*u**2 - 5*u - 1. Let f be (86/(-4))/((-3)/24). Suppose -4*x = -o - 172, 4*x - 6*o + o = f. What is the remainder when x is divided by a(4)?
10
What is the remainder when 39 is divided by (-9)/(-6) - (-50)/4?
11
Let g(b) be the third derivative of -29*b**4/24 - b**3/6 + 2*b**2. Let o be g(1). Let q = o - -56. Calculate the remainder when q is divided by 9.
8
Let h(d) = -d - 5. Let l be h(-7). Calculate the remainder when 39 is divided by 5*l - (-3 + 3).
9
Suppose -4*q + 5*h = -36, q = -3*q - 3*h + 68. Let d be (4/(-8))/((-1)/(-8)). What is the remainder when q is divided by 6/(0 - 6/d)?
2
Let f(n) = -3 - n**2 + 2*n**2 + 6*n - 2*n**2. Let a be f(5). What is the remainder when 29 is divided by (a - 0)*1 - -8?
9
Let o be 5 + (-6)/(-3) + -1. Suppose 0 = -2*l - l + 15. Suppose -114 = -4*h + 2*v, -o*v - 135 = -5*h - l*v. What is the remainder when h is divided by 14?
12
Suppose -103 = -4*w + 3*q, 47 = 4*w - 2*q - 55. Calculate the remainder when 95 is divided by w.
20
Let s be 0 + 6/(-9)*-138. Suppose 22 = 2*l - s. Calculate the remainder when l is divided by 15.
12
Suppose -4*n = -0*n - 220. Suppose -4*c = -4*q - 36, n = 5*c + 2*q + 3*q. Calculate the remainder when 26 is divided by c.
6
Suppose -5*m + 28 - 38 = 0. Let u be (-4 - 2)*(-10)/3. Let s = u - m. What is the remainder when 43 is divided by s?
21
Let b(q) = q**2 - 3*q - 3. Suppose -3*w + 10 = -2. Suppose -80 + w = -4*z. What is the remainder when z is divided by b(-2)?
5
Suppose -15 = -5*q, -5*z + 4*q + 0*q = 822. Let m = -109 - z. Calculate the remainder when m is divided by 14.
11
Let d = -3 - -5. Let o be (4 + d)*(-2)/(-3). Suppose v = -o*v + 95. What is the remainder when v is divided by 7?
5
Let c = 40 - -11. Suppose -x = -2*x + c. What is the remainder when x is divided by 18?
15
Let h(z) = -z**2 - 12*z - 3. Let n = 9 - 17. What is the remainder when h(n) is divided by 16?
13
Let h(r) = r**2 + r - 1. What is the remainder when h(2) is divided by 3?
2
Calculate the remainder when 15 is divided by (-10 - -17) + (0 - 1).
3
Suppose l - 3*l = -24. What is the remainder when 22 is divided by l?
10
Let v(i) = 4*i - 32. What is the remainder when 30 is divided by v(10)?
6
Let b = -72 - -97. Calculate the remainder when b is divided by -1*-9*(-1 + 2).
7
Let k = -3 + 5. Let y(r) = -r**2 - r. Let h be y(k). Calculate the remainder when 3 is divided by (-2)/3 + (-16)/h.
1
Let g = 0 + -11. Let w(h) = -6*h**3 - h**2 + 2*h + 3. Let s be w(-2). Let c = s + g. What is the remainder when c is divided by 17?
15
Let m(z) = -z**2 - 9*z - 4. Let t(r) = -r**2 + 3*r + 3. Let w be t(4). Calculate the remainder when (78/(-3) - 1)/w is divided by m(-6).
13
Suppose o - 16 = -o. Suppose -o = -i - i. Calculate the remainder when 14 is divided by i.
2
Let n = -56 - -91. Calculate the remainder when n is divided by 18.
17
Suppose -3*h + 2*z + 7 + 7 = 0, -4*h + 2*z = -20. Let m be ((-130)/h)/(2/(-6)). Suppose -7*k = -2*k - m. Calculate the remainder when k is divided by 5.
3
Let p(j) = j - 5. Let m be 0 - (-3 - 2 - 0). Let k be p(m). Suppose k - 12 = -2*i. Calculate the remainder when 11 is divided by i.
5
Suppose 0*d = 4*d - 4, -4*d = -2*u + 4. Suppose -2*g = -5*s - 5, 0*g + g = -u*s - 4. Suppose 4*m - 6 + 2 = g. Calculate the remainder when m is divided by 1.
0
Calculate the remainder when (29/(-4)*1)/(2/(-24)) is divided by 9.
6
Let p = -11 + -11. Let c = p + 37. What is the remainder when 44 is divided by c?
14
Let t(o) = 5*o - 12. What is the remainder when 109 is divided by t(8)?
25
Let b = 78 + -63. What is the remainder when 23 is divided by b?
8
Let p(m) = 2*m**2 + 13*m + 6. What is the remainder when p(-10) is divided by 20?
16
Suppose 0 = -9*z - 57 + 138. Calculate the remainder when z is divided by 4.
1
Let f(l) = l**2 - 5*l + 1. Let o be f(4). Suppose 5*u + 1 = 16. What is the remainder when 13 is divided by (-20)/o + 1/u?
6
Suppose 22 = 3*q - 2*u, 11 = 2*q + 5*u - 10. What is the remainder when q is divided by 3/(1 - -2) + 2?
2
Suppose -97 = -3*w - 2*w - 2*d, 5*w - 109 = d. Let b be 1/2*12/(-6). Calculate the remainder when w is divided by 1*(11 - (b - -1)).
10
Suppose -p = 3*y + 3, -5*y - 6 = -p + 7. Suppose 2*g - 32 = -4*t, p*g + 7 + 8 = 3*t. Suppose -10 - 6 = -4*m. Calculate the remainder when t is divided by m.
3
Suppose q - 15 = -6. Suppose -3*y = f - 154, -3*f - 57 - 157 = -4*y. Calculate the remainder when (y/(-10))/(2/(-10)) is divided by q.
8
Suppose -3*d = -4*l + 2*d + 94, 2*d + 46 = 2*l. Calculate the remainder when l is divided by 13.
8
Suppose 0 = -h + 3*h + 28. Let p = 25 + h. Let d = -833 - -852. What is the remainder when d is divided by p?
8
Let l = 106 + -90. What is the remainder when l is divided by 5?
1
Let n(i) = 6*i**2 - 2*i + 1. Let r be n(1). Suppose f + o = 16, f = -r*o + 7 + 9. What is the remainder when 47 is divided by f?
15
Suppose -4*l + 126 = -l. Let m = l + -24. What is the remainder when 33 is divided by m?
15
Let r(o) = -o**2 - 11*o - 8. Let i(f) = 6 + 6*f**2 + 0*f**3 - f**3 + 0. What is the remainder when r(-8) is divided by i(6)?
4
Let t(f) = 23*f**2 - 3*f - 6. What is the remainder when t(-2) is divided by 19?
16
Let t(y) = 2*y**2 + 22*y + 7. Calculate the remainder when 27 is divided by t(-11).
6
Let m(b) = b + 12. Let r be m(-9). Let d be 278/3*r/2. Suppose 13 + d = 4*c. What is the remainder when c is divided by 13?
12
Calculate the remainder when 48 is divided by 29 + -2 - (5 - 3).
23
Let i(j) = 4*j**2 - 15*j + 32. What is the remainder when i(6) is divided by 23?
17
Let y(k) = -2*k - 4. Let m be y(-3). Suppose 0*w - 8 = -m*w. Suppose 5*v + 2*h = -2*h + 61, 5*v = w*h + 69. What is the remainder when v is divided by 7?
6
Suppose 49 = 3*h - 11. Calculate the remainder when h is divided by 7.
6
Suppose 7*r + 14 = 63. Suppose -5*d + 2*d + 36 = 0. Calculate the remainder when d is divided by r.
5
Suppose -4 = -2*s - 3*o, -5*o = 2*s - 3*s + 15. Suppose s + 9 = 2*m. What is the remainder when 19 is divided by m?
5
Let k(o)